der when k is divided by 37?
3
Suppose -47*u + 2735 = 902. Calculate the remainder when 154 is divided by u.
37
Suppose -216*s + 194*s + 374 = 0. Calculate the remainder when 271 is divided by s.
16
Suppose 11 = 5*g + 4*l, 3 = g + 2*l + 2. Suppose 6 = 2*v - x + 2*x, 6 = -g*x. Calculate the remainder when 6 is divided by v.
2
Suppose -5*o = r - 355, -4*r + 1 = -19. Suppose 0 = 2*z + 3*z - o. What is the remainder when 108 is divided by z/(-77) - (-1227)/33?
34
Let v(n) = 9*n + 53. Calculate the remainder when v(-4) is divided by 3.
2
Let v = 299 + 225. Suppose 0 = -5*x + v - 79. Calculate the remainder when x is divided by 23.
20
Let d = 540 + 297. Calculate the remainder when d is divided by 14.
11
Suppose -2*j = -3*j + 4. Let i be (-520)/(-39) - (-2)/(-6). Suppose -12*x - 2 = -i*x. Calculate the remainder when j is divided by x.
0
Suppose h + 32 - 9 = 0. Let i = -6 - h. Calculate the remainder when ((-404)/6 + 5/15)*-1 is divided by i.
16
Suppose -36*d - 64 = -676. What is the remainder when d is divided by 6?
5
Let k = -15 + 12. Let f = 6 + k. Suppose s - 7 - f = 0. What is the remainder when s is divided by 4?
2
Let g = 354 - -203. What is the remainder when g is divided by 14?
11
Suppose 0 = -2*i + 1 + 1. Calculate the remainder when (0 + i)/(6/372) is divided by 21.
20
Let x = -14 + 26. Suppose 3*y = -5*v + 26, -2*v = -0*v + 3*y - 14. Suppose 0 = -2*j - v, 2*q = -q + 4*j + 65. What is the remainder when q is divided by x?
7
Suppose 4*s - 3*q = 0, 5*s + 0*q = 5*q + 5. What is the remainder when 10 is divided by 8/(-2) + s + 10?
1
Suppose -44 = -2*x - 3*q, -5*x + 4*q + 69 = -41. Calculate the remainder when 74 is divided by x.
8
Suppose -p = 0, 3*h + 2*p = 7*h - 40. Let k(c) = -c**2 - 12*c - 15. What is the remainder when k(-8) is divided by h?
7
Let x(f) = -f**3 + 9*f**2 + f - 17. Let a be x(10). Let l = 122 + a. Calculate the remainder when 59 is divided by l.
14
Let d(p) = 4*p + 5 - 3*p + 2 + 4. Let i be d(-8). Let a = 12 + i. Calculate the remainder when 28 is divided by a.
13
Suppose 5*a = 11*d - 6*d - 1670, d - 330 = -a. What is the remainder when d is divided by 67?
64
Let o(d) = -68*d**3 - 4*d**2 - 11*d - 8. Calculate the remainder when o(-2) is divided by 13.
9
Let h = 2554 + -2544. Calculate the remainder when 32 is divided by h.
2
Suppose -6 = -5*u + 34. Suppose -11*t + 7 = -15. Suppose -5*b - w + 84 = 0, t*w - u = -b + 4*w. What is the remainder when 61 is divided by b?
13
Let s = 152 - 146. What is the remainder when s is divided by (-10)/(-4) - (-9)/18?
0
Let u(y) = y**3 + 33*y**2 + 64*y + 73. What is the remainder when -5*((-81)/15 - 1) is divided by u(-31)?
10
Suppose -1 = 5*l - 106. Let u = 153 - 150. What is the remainder when l is divided by u?
0
Suppose d - 5*o - 73 = 0, 0 = 5*d + o - 0*o - 235. Calculate the remainder when 182 is divided by d.
38
Suppose 2 + 16 = -6*s. Let m = s - -8. Calculate the remainder when 6 is divided by m.
1
Let i = -9 + 14. Suppose -4*l + 67 = 5*o, -4*l = -3*o - 0*l + 21. Calculate the remainder when o is divided by (-2)/(-5) - (-8)/i.
1
Let h(c) = -c**2 + 9*c + 5. Let j be h(4). Suppose 4*s - 8*s = -12. Suppose j = s*r - 38. Calculate the remainder when r is divided by 11.
10
Suppose -2*j + 44 + 102 = 0. Suppose -j = -3*p + 77. Suppose 4*l = -3*n + 27, -2*n = -0*n + 3*l - 17. Calculate the remainder when p is divided by n.
11
Let y = 15 - 8. Let b be (21/14)/((-6)/(-112)). Suppose 4*t = -2*p + b + 2, -3*p - 3*t + 39 = 0. What is the remainder when p is divided by y?
4
Let g(j) = 4*j**2 + 2*j + 1. Let m(i) = -13*i - 2. Let n be m(-4). Suppose -6*b + n = -b. Calculate the remainder when g(-4) is divided by b.
7
Suppose -4 = -2*u - u + 4*f, 0 = -3*u - 5*f - 5. Suppose u*y = 5*x - 5*y - 75, 0 = 3*x + 3*y - 21. What is the remainder when x is divided by 4?
3
Let j = 0 + 2. Suppose j = m + 5. What is the remainder when (-5 - -24) + 1 + m is divided by 10?
7
Let l be 2 + (8/24 - (-10)/6). Calculate the remainder when 135 is divided by (17/(15/(-4) + l))/2.
33
Let v = 1053 - 994. Calculate the remainder when 646 is divided by v.
56
Let p(l) be the third derivative of l**6/120 - l**5/4 + l**4/4 - 3*l**3/2 + 9*l**2. Calculate the remainder when p(15) is divided by 28.
25
Let i(g) = -g**2 + 4*g. Let q be i(3). Suppose -2*b + 23 + q = 0. Suppose 2*r = -2*k + 94, -k - 5*r - 71 = -2*k. Calculate the remainder when k is divided by b.
12
Let m = 7 - 5. Suppose 7 = 4*r - 4*j - 1, 2*j = 4*r - m. Let g(z) = -5*z - 2. What is the remainder when 10 is divided by g(r)?
1
Suppose -3*q = 5*s - 64 - 5, 2*s = -4*q + 92. What is the remainder when 83 is divided by q?
14
Let v(d) = 10*d + 6 + d**2 - 3 - 25*d. What is the remainder when 56 is divided by v(16)?
18
Suppose -64*n - 581 = -2373. What is the remainder when 418 is divided by n?
26
Let r = -36 + 39. Suppose -2*l = 4*o - 338, -r*l = -5*o - 2*l + 405. Calculate the remainder when o is divided by 17.
14
Suppose -128 = -2*m - 2*m. Suppose -5*q = -20, 0 = 3*g - 4*q + 5 - 31. Let h = 23 - g. Calculate the remainder when m is divided by h.
5
Suppose 3*y + y + 5*s + 4 = 0, -2*s - 28 = -5*y. Suppose o = 2*m + 25, y*o - m - 115 = 4*m. What is the remainder when 68 is divided by o?
33
Suppose 11*z - 8*z - 18 = 0. Suppose -3*c + 2*c = -20. Calculate the remainder when (-763)/(-21) - (-4)/z is divided by c.
17
Suppose 0 = 319*n - 325*n + 9654. What is the remainder when n is divided by 70?
69
Suppose 3*q - 3*u - 7 - 8 = 0, 0 = -5*q - 5*u + 55. What is the remainder when 30 is divided by q?
6
Suppose -2*s = -s - 20. Let j = 35 - s. Suppose -4*b - 193 = -305. Calculate the remainder when b is divided by j.
13
Suppose -3*n - 5*t - 51 = 0, -3*t + 51 = -3*n - 6*t. Let g(c) = c**2 + 16*c + 20. What is the remainder when g(n) is divided by 21?
16
Suppose -270 = 2*f + 60. Let y = 270 + f. Calculate the remainder when y is divided by (-274)/(-10) - (-6)/(-15).
24
Let j(l) be the first derivative of 4*l**3/3 + 7*l**2 - 3*l + 52. Calculate the remainder when j(-5) is divided by (-28)/3*3/(-2).
13
Suppose -8*u + 58 = -318. What is the remainder when u is divided by 16?
15
Suppose -218 = -n + h, -4*n - 8*h + 7*h + 867 = 0. Calculate the remainder when n is divided by 4.
1
Calculate the remainder when 43 is divided by 17/(85/50) - -2.
7
Let b(z) = -z**2 - 15*z. Let t be b(-14). Suppose -t*h + 15*h = 32. What is the remainder when h is divided by 17?
15
Let q(b) = -b**3 - 8*b**2 - 8*b + 30. Let h(p) = -20*p**3 - 2*p**2 - 2*p - 1. Calculate the remainder when q(-8) is divided by h(-1).
18
Let w(p) = -p**3 + 11*p**2 - p + 15. Let i be w(11). What is the remainder when 89 is divided by -1 + (475/20 - (-1)/i)?
20
Let q(c) = -c**2 + 6*c + 4. Let r be q(6). Suppose r*m = -2*a + 168, 0*a + 188 = 5*m - 3*a. What is the remainder when 118 is divided by m?
38
Suppose -v + 651 = 5*m, 4*v + 0*m - 2559 = -5*m. Calculate the remainder when v is divided by 91.
90
Suppose 0 = -5*h + 720 + 165. Calculate the remainder when h is divided by 65.
47
Suppose r - 2 = -1. What is the remainder when 9/(-9) + 48*r is divided by 16?
15
Suppose -4*b + 1253 = -771. Suppose -m = 3*t - b, 3*t + 2*m = -t + 678. Calculate the remainder when t is divided by 42.
41
Let d = 9 - 13. Let y = 10 + d. Suppose -3*m - 3*b = -30, m + y*b - 2*b = 7. What is the remainder when 32 is divided by m?
10
Calculate the remainder when 475 is divided by 51/15*(10 + 0).
33
Let r = 44 + -40. Suppose -5*q - n = -0*q - 129, -r*q = -2*n - 92. Calculate the remainder when q is divided by 9.
7
Let m = 158 + 42. Suppose -2*o + 6*o = m. Let w = -138 + 151. Calculate the remainder when o is divided by w.
11
Suppose u + 2*u = 4*q - 140, 3*q - 5*u = 94. Let f be (10 + -9)/(1/q). Suppose -2*s + 6 = -d + 2*d, f = 3*d + s. What is the remainder when d is divided by 9?
5
What is the remainder when (-7)/((7/574)/(-1) - 0) is divided by 16?
14
Let g = 1193 - 1160. Calculate the remainder when 1253 is divided by g.
32
Let m = 1521 - 786. Calculate the remainder when m is divided by 82.
79
Let p = -268 + 483. What is the remainder when p is divided by 18?
17
Let p(z) = -5*z - 4. Suppose 0*l = -2*l - 2*b + 6, 0 = -5*l + b + 9. What is the remainder when p(-5) is divided by 33/12*(l - -2)?
10
Let g(i) = -i**3 + 9*i**2 + 2*i - 15. Let y be g(9). Suppose -y*w